{"id":1741,"date":"2022-12-29T15:22:04","date_gmt":"2022-12-29T14:22:04","guid":{"rendered":"http:\/\/www.ospstarawies.brzozow.pl\/?page_id=1741"},"modified":"2024-10-31T22:52:32","modified_gmt":"2024-10-31T21:52:32","slug":"wydarzenia-2022","status":"publish","type":"page","link":"http:\/\/www.ospstarawies.brzozow.pl\/index.php\/wydarzenia-2022\/","title":{"rendered":"Aktualno\u015bci 2022"},"content":{"rendered":"<hr \/>\n<p><em><span style=\"color: #ff0000;\"><strong><a href=\"https:\/\/instalator-brzozow.pl\/\" rel=\"attachment wp-att-1771\"><img decoding=\"async\" loading=\"lazy\" class=\"aligncenter size-full wp-image-1771\" src=\"http:\/\/www.ospstarawies.brzozow.pl\/wp-content\/uploads\/2023\/01\/logo.png\" alt=\"\" width=\"260\" height=\"70\" \/><\/a><\/strong><\/span><\/em><\/p>\n<p><span style=\"font-size: 14pt;\"><em><span style=\"color: #ff0000;\"><span style=\"color: #000000;\">Sk\u0142adamy serdeczne\u00a0podzi\u0119kowania dla firmy <\/span><strong>PHU INSTALATOR<\/strong> <span style=\"color: #000000;\">z Brzozowa<\/span>\u00a0<\/span>za dofinansowanie zakupu sprz\u0119tu p.po\u017c kt\u00f3ra podniesie znacz\u0105c\u0105 gotowo\u015b\u0107 bojow\u0105\u00a0 dla jednostki OSP Stara Wie\u015b.<\/em><\/span><\/p>\n<p style=\"text-align: center;\"><span style=\"color: #000080;\"><a style=\"color: #000080;\" href=\"https:\/\/instalator-brzozow.pl\/\"><strong>https:\/\/instalator-brzozow.pl\/<\/strong><\/a><\/span><\/p>\n<hr \/>\n<p>&nbsp;<\/p>\n<p>&nbsp;<\/p>\n","protected":false},"excerpt":{"rendered":"<p>Sk\u0142adamy serdeczne\u00a0podzi\u0119kowania dla firmy PHU INSTALATOR z Brzozowa\u00a0za dofinansowanie zakupu sprz\u0119tu p.po\u017c kt\u00f3ra podniesie znacz\u0105c\u0105 gotowo\u015b\u0107 bojow\u0105\u00a0 dla jednostki OSP Stara Wie\u015b. https:\/\/instalator-brzozow.pl\/ &nbsp; &nbsp;<\/p>\n","protected":false},"author":1,"featured_media":0,"parent":0,"menu_order":0,"comment_status":"closed","ping_status":"closed","template":"","meta":[],"_links":{"self":[{"href":"http:\/\/www.ospstarawies.brzozow.pl\/index.php\/wp-json\/wp\/v2\/pages\/1741"}],"collection":[{"href":"http:\/\/www.ospstarawies.brzozow.pl\/index.php\/wp-json\/wp\/v2\/pages"}],"about":[{"href":"http:\/\/www.ospstarawies.brzozow.pl\/index.php\/wp-json\/wp\/v2\/types\/page"}],"author":[{"embeddable":true,"href":"http:\/\/www.ospstarawies.brzozow.pl\/index.php\/wp-json\/wp\/v2\/users\/1"}],"replies":[{"embeddable":true,"href":"http:\/\/www.ospstarawies.brzozow.pl\/index.php\/wp-json\/wp\/v2\/comments?post=1741"}],"version-history":[{"count":12,"href":"http:\/\/www.ospstarawies.brzozow.pl\/index.php\/wp-json\/wp\/v2\/pages\/1741\/revisions"}],"predecessor-version":[{"id":1972,"href":"http:\/\/www.ospstarawies.brzozow.pl\/index.php\/wp-json\/wp\/v2\/pages\/1741\/revisions\/1972"}],"wp:attachment":[{"href":"http:\/\/www.ospstarawies.brzozow.pl\/index.php\/wp-json\/wp\/v2\/media?parent=1741"}],"curies":[{"name":"wp","href":"https:\/\/api.w.org\/{rel}","templated":true}]}}