{"id":1828,"date":"2023-01-11T20:03:34","date_gmt":"2023-01-11T19:03:34","guid":{"rendered":"http:\/\/www.ospstarawies.brzozow.pl\/?page_id=1828"},"modified":"2024-10-31T22:53:12","modified_gmt":"2024-10-31T21:53:12","slug":"wydarzenia-2023","status":"publish","type":"page","link":"http:\/\/www.ospstarawies.brzozow.pl\/index.php\/wydarzenia-2023\/","title":{"rendered":"Aktualno\u015bci 2023"},"content":{"rendered":"<div class=\"x11i5rnm xat24cr x1mh8g0r x1vvkbs xdj266r x126k92a\">\n<div class=\"\" data-block=\"true\" data-editor=\"4cgg1\" data-offset-key=\"3fshc-0-0\">\n<div data-offset-key=\"3fshc-0-0\">\n<div class=\"xdj266r x11i5rnm xat24cr x1mh8g0r x1vvkbs x126k92a\">\n<div dir=\"auto\">\n<p><a href=\"http:\/\/www.ospstarawies.brzozow.pl\/swieta-bozgo-narodzenia-2019-2\/\"><img decoding=\"async\" loading=\"lazy\" class=\"aligncenter size-full wp-image-1934\" src=\"http:\/\/www.ospstarawies.brzozow.pl\/wp-content\/uploads\/2023\/12\/Swieta-Bozgo-Narodzenia-2019.png\" alt=\"\" width=\"768\" height=\"925\" srcset=\"http:\/\/www.ospstarawies.brzozow.pl\/wp-content\/uploads\/2023\/12\/Swieta-Bozgo-Narodzenia-2019.png 768w, http:\/\/www.ospstarawies.brzozow.pl\/wp-content\/uploads\/2023\/12\/Swieta-Bozgo-Narodzenia-2019-249x300.png 249w\" sizes=\"(max-width: 768px) 100vw, 768px\" \/><\/a><\/p>\n<hr \/>\n<p style=\"text-align: center;\">Dnia 20.Listopada.2023r., Zosta\u0142 zamontowany defibrylator AED na Centrum pod Parnasem wej\u015bcie od Bazyliki.<\/p>\n<\/div>\n<div dir=\"auto\" style=\"text-align: center;\"><a href=\"http:\/\/www.ospstarawies.brzozow.pl\/index.php\/wydarzenia-2023\/pod_parnasem\/#main\" rel=\"attachment wp-att-1916\"><img decoding=\"async\" loading=\"lazy\" class=\"aligncenter wp-image-1916\" src=\"http:\/\/www.ospstarawies.brzozow.pl\/wp-content\/uploads\/2023\/11\/pod_parnasem.jpg\" alt=\"\" width=\"199\" height=\"135\" \/><\/a><\/div>\n<div dir=\"auto\" style=\"text-align: center;\">Sprz\u0119t monitorowany jest 24h przez kamer\u0119.<\/div>\n<div dir=\"auto\" style=\"text-align: center;\">Jeste\u015bmy bezpo\u015brednio informowani o ka\u017cdorazowym otwarciu kapsu\u0142y.<\/div>\n<\/div>\n<div class=\"x11i5rnm xat24cr x1mh8g0r x1vvkbs xtlvy1s x126k92a\">\n<div dir=\"auto\" style=\"text-align: center;\"><strong><span style=\"color: #ff0000;\">W razie zagro\u017cenia \u017cycia (zawa\u0142 \/ zatrzymanie kr\u0105\u017cenia) KA\u017bDY jest upowa\u017cniony do u\u017cycia sprz\u0119tu !<\/span><\/strong><\/div>\n<div dir=\"auto\" style=\"text-align: center;\">OSP Stara Wie\u015b serdecznie dzi\u0119kuje Ojcu proboszczowi Paw\u0142owi Witonowi SJ za wsp\u00f3\u0142prac\u0119 a parafianom za hojne datki.<\/div>\n<div dir=\"auto\">\n<p>&nbsp;<\/p>\n<p style=\"text-align: center;\">Instrukcja obs\u0142ugi sprz\u0119tu AED<\/p>\n<p style=\"text-align: center;\">Sprz\u0119t ma funkcje, kt\u00f3ra tak\u017ce sama informuje co nale\u017cy zrobi\u0107 podczas reanimacji<\/p>\n<p style=\"text-align: center;\"><a href=\"https:\/\/www.youtube.com\/watch?v=B5x9ls6fBig\">Kliknij mnie<\/a><\/p>\n<p style=\"text-align: center;\"><a href=\"https:\/\/www.youtube.com\/watch?v=B5x9ls6fBig\">Film instrukta\u017cowy jak u\u017cywa\u0107 defibrylatora AED<\/a><\/p>\n<\/div>\n<div dir=\"auto\">\n<div id='gallery-1' class='gallery galleryid-1828 gallery-columns-3 gallery-size-thumbnail'><figure class='gallery-item'>\n\t\t\t<div class='gallery-icon portrait'>\n\t\t\t\t<a href='http:\/\/www.ospstarawies.brzozow.pl\/index.php\/wydarzenia-2023\/attachment\/1700509217727\/#main'><img width=\"150\" height=\"150\" src=\"http:\/\/www.ospstarawies.brzozow.pl\/wp-content\/uploads\/2023\/11\/1700509217727-e1700510412403-150x150.jpg\" class=\"attachment-thumbnail size-thumbnail\" alt=\"\" decoding=\"async\" loading=\"lazy\" \/><\/a>\n\t\t\t<\/div><\/figure><figure class='gallery-item'>\n\t\t\t<div class='gallery-icon portrait'>\n\t\t\t\t<a href='http:\/\/www.ospstarawies.brzozow.pl\/index.php\/wydarzenia-2023\/attachment\/1700509217756\/#main'><img width=\"150\" height=\"150\" src=\"http:\/\/www.ospstarawies.brzozow.pl\/wp-content\/uploads\/2023\/11\/1700509217756-e1700510393991-150x150.jpg\" class=\"attachment-thumbnail size-thumbnail\" alt=\"\" decoding=\"async\" loading=\"lazy\" \/><\/a>\n\t\t\t<\/div><\/figure><figure class='gallery-item'>\n\t\t\t<div class='gallery-icon portrait'>\n\t\t\t\t<a href='http:\/\/www.ospstarawies.brzozow.pl\/index.php\/wydarzenia-2023\/attachment\/1700509217742\/#main'><img width=\"150\" height=\"150\" src=\"http:\/\/www.ospstarawies.brzozow.pl\/wp-content\/uploads\/2023\/11\/1700509217742-e1700510430852-150x150.jpg\" class=\"attachment-thumbnail size-thumbnail\" alt=\"\" decoding=\"async\" loading=\"lazy\" \/><\/a>\n\t\t\t<\/div><\/figure>\n\t\t<\/div>\n\n<\/div>\n<\/div>\n<hr \/>\n<\/div>\n<div data-offset-key=\"3fshc-0-0\"><\/div>\n<div class=\"_1mf _1mj\" data-offset-key=\"3fshc-0-0\"><span data-offset-key=\"3fshc-0-0\">Zrealizowali\u015bmy zadanie pod nazw\u0105:<\/span><\/div>\n<\/div>\n<div class=\"\" data-block=\"true\" data-editor=\"4cgg1\" data-offset-key=\"8s9le-0-0\">\n<div class=\"_1mf _1mj\" data-offset-key=\"8s9le-0-0\"><span data-offset-key=\"8s9le-0-0\">\u201eDoposa\u017cenie Ochotniczej Stra\u017cy Po\u017carnej w miejscowo\u015bci Stara Wie\u015b celem zwi\u0119kszenia potencja\u0142u technicznego&#8221;<\/span><\/div>\n<\/div>\n<div class=\"\" data-block=\"true\" data-editor=\"4cgg1\" data-offset-key=\"32lap-0-0\">\n<div class=\"_1mf _1mj\" data-offset-key=\"32lap-0-0\"><span data-offset-key=\"32lap-0-0\">DZI\u0118KI wsparciu Ministerstwa Klimatu i \u015arodowiska, Narodowego Funduszu Ochrony \u015arodowiska i Gospodarki Wodnej i Wojew\u00f3dzkiego Funduszu Ochrony \u015arodowiska i Gospodarki Wodnej w Rzeszowie zakupili\u015bmy:<\/span><\/div>\n<\/div>\n<div class=\"\" data-block=\"true\" data-editor=\"4cgg1\" data-offset-key=\"9kft4-0-0\">\n<div class=\"_1mf _1mj\" data-offset-key=\"9kft4-0-0\"><span data-offset-key=\"9kft4-0-0\">&#8211; Buty gumowe stra\u017cackie specjalne 4 pary,<\/span><\/div>\n<\/div>\n<div class=\"\" data-block=\"true\" data-editor=\"4cgg1\" data-offset-key=\"3mm73-0-0\">\n<div class=\"_1mf _1mj\" data-offset-key=\"3mm73-0-0\"><span data-offset-key=\"3mm73-0-0\">&#8211; Buty sk\u00f3rzane stra\u017cackie specjalne 4 pary,<\/span><\/div>\n<\/div>\n<div class=\"\" data-block=\"true\" data-editor=\"4cgg1\" data-offset-key=\"20mjp-0-0\">\n<div class=\"_1mf _1mj\" data-offset-key=\"20mjp-0-0\"><span data-offset-key=\"20mjp-0-0\">&#8211; Ubranie specjalne bojowe 2 sztuki,<\/span><\/div>\n<\/div>\n<div class=\"\" data-block=\"true\" data-editor=\"4cgg1\" data-offset-key=\"d9hcn-0-0\">\n<div class=\"_1mf _1mj\" data-offset-key=\"d9hcn-0-0\"><span data-offset-key=\"d9hcn-0-0\">&#8211; R\u0119kawice specjalne stra\u017cackie 4 pary,<\/span><\/div>\n<\/div>\n<div class=\"\" data-block=\"true\" data-editor=\"4cgg1\" data-offset-key=\"6v4lh-0-0\">\n<div class=\"_1mf _1mj\" data-offset-key=\"6v4lh-0-0\"><span data-offset-key=\"6v4lh-0-0\">&#8211; He\u0142m stra\u017cacki bojowy 3 sztuki.<\/span><\/div>\n<\/div>\n<div class=\"\" data-block=\"true\" data-editor=\"4cgg1\" data-offset-key=\"ev4ae-0-0\">\n<div class=\"_1mf _1mj\" data-offset-key=\"ev4ae-0-0\"><span class=\"x1fey0fg\"><span data-offset-key=\"ev4ae-0-0\">https:\/\/www.gov.pl\/web\/klimat<\/span><\/span><\/div>\n<\/div>\n<div class=\"\" data-block=\"true\" data-editor=\"4cgg1\" data-offset-key=\"3qkvf-0-0\">\n<div class=\"_1mf _1mj\" data-offset-key=\"3qkvf-0-0\"><span class=\"x1fey0fg\"><span data-offset-key=\"3qkvf-0-0\">https:\/\/www.gov.pl\/web\/nfosigw<\/span><\/span><\/div>\n<\/div>\n<div class=\"\" data-block=\"true\" data-editor=\"4cgg1\" data-offset-key=\"6vj9v-0-0\">\n<div class=\"_1mf _1mj\" data-offset-key=\"6vj9v-0-0\"><span class=\"x1fey0fg\"><span data-offset-key=\"6vj9v-0-0\">https:\/\/www.bip.wfosigw.rzeszow.pl\/<\/span><\/span><\/div>\n<\/div>\n<div data-offset-key=\"6vj9v-0-0\"><a href=\"http:\/\/www.ospstarawies.brzozow.pl\/index.php\/wydarzenia-2023\/387341786_1293386091349492_6554980979398056367_n\/#main\" rel=\"attachment wp-att-1913\"><img decoding=\"async\" loading=\"lazy\" class=\"aligncenter wp-image-1913\" src=\"http:\/\/www.ospstarawies.brzozow.pl\/wp-content\/uploads\/2023\/10\/387341786_1293386091349492_6554980979398056367_n.jpg\" alt=\"\" width=\"433\" height=\"325\" srcset=\"http:\/\/www.ospstarawies.brzozow.pl\/wp-content\/uploads\/2023\/10\/387341786_1293386091349492_6554980979398056367_n.jpg 2048w, http:\/\/www.ospstarawies.brzozow.pl\/wp-content\/uploads\/2023\/10\/387341786_1293386091349492_6554980979398056367_n-300x225.jpg 300w, http:\/\/www.ospstarawies.brzozow.pl\/wp-content\/uploads\/2023\/10\/387341786_1293386091349492_6554980979398056367_n-1024x768.jpg 1024w, http:\/\/www.ospstarawies.brzozow.pl\/wp-content\/uploads\/2023\/10\/387341786_1293386091349492_6554980979398056367_n-768x576.jpg 768w, http:\/\/www.ospstarawies.brzozow.pl\/wp-content\/uploads\/2023\/10\/387341786_1293386091349492_6554980979398056367_n-1536x1152.jpg 1536w\" sizes=\"(max-width: 433px) 100vw, 433px\" \/><\/a><\/div>\n<hr \/>\n<p>Dnia 02.07.2023 nasza jednostka wsp\u00f3\u0142organizowa\u0142a wraz z parafi\u0105 i Ko\u0142em Gospody\u0144 Wiejskich piknik w Ogrodach Biblijnych przy Bazylice WNMP w Starej Wsi. Celem pikniku by\u0142a zbi\u00f3rka funduszy na zakup AED, kt\u00f3re docelowo mia\u0142o by si\u0119 znale\u017a\u0107 w\u0142a\u015bnie w okolicy naszej Bazyliki. Na pikniku zaprezentowali\u015bmy nasz\u0105 M\u0142odzie\u017cow\u0105 Dru\u017cyn\u0119 Po\u017carnicz\u0105, kt\u00f3ra wygra\u0142a zawody na szczeblu gminnym. Zaprezentowali\u015bmy r\u00f3wnie\u017c samochody, sprz\u0119t stra\u017cacki, techniki ewakuacji poszkodowanego z samochodu osobowego, podstawy pierwszej pomocy i spos\u00f3b u\u017cywania AED. Na pikniku zaprezentowa\u0142a si\u0119 r\u00f3wnie\u017c\u00a0 Ma\u0142opolska Szko\u0142a Karate Tradycyjnego Seiken, kt\u00f3ra wykona\u0142a dla nas pokaz swoich umiej\u0119tno\u015bci. Uda\u0142o si\u0119 zebra\u0107 1 721,53 z\u0142. Wszystkim wspieraj\u0105cym serdecznie dzi\u0119kujemy.\u00a0 <a href=\"https:\/\/zrzutka.pl\/nuyw6b?utm_medium=mail&amp;utm_source=postmark&amp;utm_campaign=chipin_creation&amp;fbclid=IwAR1wqMCR1TPlPByXBuoSi1bV-Hel5xhJvX4E9iDGtBGwuzoSlac3JTkGJjM\">Zbi\u00f3rka<\/a> trwa nadal, prosimy o wsparcie klikaj\u0105c w obrazek AED.<\/p>\n<p><a href=\"https:\/\/zrzutka.pl\/nuyw6b?utm_medium=mail&amp;utm_source=postmark&amp;utm_campaign=chipin_creation&amp;fbclid=IwAR1wqMCR1TPlPByXBuoSi1bV-Hel5xhJvX4E9iDGtBGwuzoSlac3JTkGJjM\" rel=\"attachment wp-att-1905\"><img decoding=\"async\" loading=\"lazy\" class=\"aligncenter wp-image-1905\" src=\"http:\/\/www.ospstarawies.brzozow.pl\/wp-content\/uploads\/2023\/07\/frxtorba.jpg\" alt=\"\" width=\"231\" height=\"231\" srcset=\"http:\/\/www.ospstarawies.brzozow.pl\/wp-content\/uploads\/2023\/07\/frxtorba.jpg 1300w, http:\/\/www.ospstarawies.brzozow.pl\/wp-content\/uploads\/2023\/07\/frxtorba-300x300.jpg 300w, http:\/\/www.ospstarawies.brzozow.pl\/wp-content\/uploads\/2023\/07\/frxtorba-1024x1024.jpg 1024w, http:\/\/www.ospstarawies.brzozow.pl\/wp-content\/uploads\/2023\/07\/frxtorba-150x150.jpg 150w, http:\/\/www.ospstarawies.brzozow.pl\/wp-content\/uploads\/2023\/07\/frxtorba-768x768.jpg 768w\" sizes=\"(max-width: 231px) 100vw, 231px\" \/><\/a><\/p>\n<p><a href=\"http:\/\/www.ospstarawies.brzozow.pl\/index.php\/wydarzenia-2023\/aed-1\/#main\" rel=\"attachment wp-att-1903\"><img decoding=\"async\" loading=\"lazy\" class=\"aligncenter wp-image-1903\" src=\"http:\/\/www.ospstarawies.brzozow.pl\/wp-content\/uploads\/2023\/07\/aed-1.jpg\" alt=\"\" width=\"414\" height=\"233\" srcset=\"http:\/\/www.ospstarawies.brzozow.pl\/wp-content\/uploads\/2023\/07\/aed-1.jpg 2048w, http:\/\/www.ospstarawies.brzozow.pl\/wp-content\/uploads\/2023\/07\/aed-1-300x169.jpg 300w, http:\/\/www.ospstarawies.brzozow.pl\/wp-content\/uploads\/2023\/07\/aed-1-1024x577.jpg 1024w, http:\/\/www.ospstarawies.brzozow.pl\/wp-content\/uploads\/2023\/07\/aed-1-768x432.jpg 768w, http:\/\/www.ospstarawies.brzozow.pl\/wp-content\/uploads\/2023\/07\/aed-1-1536x865.jpg 1536w\" sizes=\"(max-width: 414px) 100vw, 414px\" \/><\/a><\/p>\n<hr \/>\n<\/div>\n<p>Zarz\u0105d <strong>OSP Stara Wie\u015b<\/strong> w ramach wyposa\u017cenia jednostek OSP poszukuje wykonawc\u00f3w na dostaw\u0119 nast\u0119puj\u0105cego wyposa\u017cenia:<\/p>\n<ul>\n<li>Ta\u015bma pomiarowa 2 sztuki.<\/li>\n<li>Ta\u015bma poprzeczna 2 sztuki.<\/li>\n<li>Ga\u015bnica 1 sztuka.<\/li>\n<li>Linka ratownicza 20 metr\u00f3w 1 sztuka.<\/li>\n<li>Podpinka linkowa 1 sztuka.<\/li>\n<li>Hydronetka metalowa MDP 2 sztuki.<\/li>\n<li>Linki do stanowiska w\u0119z\u0142\u00f3w 1 komplet.<\/li>\n<li>Smok ssawny 110 1 sztuka.<\/li>\n<li>Pr\u0105downica PW-52\/R 1 sztuka<\/li>\n<li>R\u00f3w wodny 1 sztuka.<\/li>\n<li>Rozdzielacz 1 sztuka.<\/li>\n<li>Buty dla MDP ( w tym sportowe ) 10 par.<\/li>\n<li>Buty dla MDP ( w tym sportowe ) 9 par.<\/li>\n<li>Opaska s\u0119dziowska 10 sztuk.<\/li>\n<\/ul>\n<p>Uwaga:<\/p>\n<p>Oferty nale\u017cy sk\u0142ada\u0107 do 10.07.2023r. na adres e-mail: starawiesosp@wp.pl<\/p>\n<hr \/>\n<div class=\"x11i5rnm xat24cr x1mh8g0r x1vvkbs xdj266r x126k92a\">\n<p>Zarz\u0105d <strong>OSP Stara Wie\u015b<\/strong> w ramach wyposa\u017cenia jednostek OSP poszukuje wykonawc\u00f3w na dostaw\u0119 nast\u0119puj\u0105cego wyposa\u017cenia:<\/p>\n<ul>\n<li>Obuwie specjalne gumowe 4 pary.<\/li>\n<li>Obuwie specjalne sk\u00f3rzane 4 pary.<\/li>\n<li>Ubranie specjalne bojowe\u00a0 2 komplety.<\/li>\n<li>R\u0119kawice specjalne stra\u017cackie 4 pary.<\/li>\n<li>He\u0142m stra\u017cacki 3 sztuki.<\/li>\n<\/ul>\n<p>Uwaga:<\/p>\n<p>Oferty nale\u017cy sk\u0142ada\u0107 do 10.07.2023r. na adres e-mail: starawiesosp@wp.pl<\/p>\n<hr \/>\n<p>Zarz\u0105d <strong>OSP Stara Wie\u015b<\/strong> w ramach wyposa\u017cenia jednostek OSP poszukuje wykonawc\u00f3w na\u00a0dostaw\u0119 nast\u0119puj\u0105cego wyposa\u017cenia:<\/p>\n<ul>\n<li>Obuwie specjalne gumowe 4 pary.<\/li>\n<li>Maska do aparatu powietrznego z pokrowcem Opti-Pro Honeywell 2 sztuki.<\/li>\n<\/ul>\n<p>Uwaga:<\/p>\n<p>Oferty nale\u017cy sk\u0142ada\u0107 do 10.07.2023r. na adres e-mail: starawiesosp@wp.pl<\/p>\n<hr \/>\n<p>Dnia 08.06.2023 roku nasza jednostka bra\u0142a udzia\u0142 w uroczysto\u015bci Bo\u017cego Cia\u0142a w naszej wsi. <a href=\"http:\/\/www.ospstarawies.brzozow.pl\/index.php\/wydarzenia-2023\/354132501_173128592415804_8589459021836997843_n\/#main\" rel=\"attachment wp-att-1895\"><img decoding=\"async\" loading=\"lazy\" class=\"aligncenter wp-image-1895\" src=\"http:\/\/www.ospstarawies.brzozow.pl\/wp-content\/uploads\/2023\/07\/354132501_173128592415804_8589459021836997843_n.jpg\" alt=\"\" width=\"416\" height=\"280\" srcset=\"http:\/\/www.ospstarawies.brzozow.pl\/wp-content\/uploads\/2023\/07\/354132501_173128592415804_8589459021836997843_n.jpg 2000w, http:\/\/www.ospstarawies.brzozow.pl\/wp-content\/uploads\/2023\/07\/354132501_173128592415804_8589459021836997843_n-300x202.jpg 300w, http:\/\/www.ospstarawies.brzozow.pl\/wp-content\/uploads\/2023\/07\/354132501_173128592415804_8589459021836997843_n-1024x689.jpg 1024w, http:\/\/www.ospstarawies.brzozow.pl\/wp-content\/uploads\/2023\/07\/354132501_173128592415804_8589459021836997843_n-768x516.jpg 768w, http:\/\/www.ospstarawies.brzozow.pl\/wp-content\/uploads\/2023\/07\/354132501_173128592415804_8589459021836997843_n-1536x1033.jpg 1536w\" sizes=\"(max-width: 416px) 100vw, 416px\" \/><\/a><\/p>\n<hr \/>\n<p>Z okazji Dnia Dziecka, Ma\u0142ym Stra\u017cakom, cz\u0142onkom Dzieci\u0119cych i M\u0142odzie\u017cowych Dru\u017cyn Po\u017carniczych, \u017cyczymy Wszystkiego Najlepszego! Zarz\u0105d oraz Druhowie <span class=\"xv78j7m\" spellcheck=\"false\">OSP Stara Wie\u015b<\/span>.<a href=\"http:\/\/www.ospstarawies.brzozow.pl\/index.php\/wydarzenia-2023\/strazak-sam\/#main\" rel=\"attachment wp-att-1891\"><img decoding=\"async\" loading=\"lazy\" class=\"aligncenter wp-image-1891\" src=\"http:\/\/www.ospstarawies.brzozow.pl\/wp-content\/uploads\/2023\/06\/strazak-sam.jpg\" alt=\"\" width=\"428\" height=\"225\" srcset=\"http:\/\/www.ospstarawies.brzozow.pl\/wp-content\/uploads\/2023\/06\/strazak-sam.jpg 1200w, http:\/\/www.ospstarawies.brzozow.pl\/wp-content\/uploads\/2023\/06\/strazak-sam-300x158.jpg 300w, http:\/\/www.ospstarawies.brzozow.pl\/wp-content\/uploads\/2023\/06\/strazak-sam-1024x538.jpg 1024w, http:\/\/www.ospstarawies.brzozow.pl\/wp-content\/uploads\/2023\/06\/strazak-sam-768x403.jpg 768w\" sizes=\"(max-width: 428px) 100vw, 428px\" \/><\/a><\/p>\n<\/div>\n<hr \/>\n<p>Dnia 27.05.2023r. delegacja z naszej jednostki wraz z pocztem sztandarowym uczestniczy\u0142a w og\u00f3lnopolskiej pielgrzymce stra\u017cak\u00f3w na Jasn\u0105 G\u00f3r\u0119. By\u0142a to pierwsza pielgrzymka po przerwie od 2020r.<a href=\"http:\/\/www.ospstarawies.brzozow.pl\/index.php\/wydarzenia-2023\/354040831_623919509483785_7918811638192229576_n\/#main\" rel=\"attachment wp-att-1899\"><img decoding=\"async\" loading=\"lazy\" class=\"aligncenter wp-image-1899\" src=\"http:\/\/www.ospstarawies.brzozow.pl\/wp-content\/uploads\/2023\/07\/354040831_623919509483785_7918811638192229576_n.jpg\" alt=\"\" width=\"424\" height=\"319\" srcset=\"http:\/\/www.ospstarawies.brzozow.pl\/wp-content\/uploads\/2023\/07\/354040831_623919509483785_7918811638192229576_n.jpg 2048w, http:\/\/www.ospstarawies.brzozow.pl\/wp-content\/uploads\/2023\/07\/354040831_623919509483785_7918811638192229576_n-300x226.jpg 300w, http:\/\/www.ospstarawies.brzozow.pl\/wp-content\/uploads\/2023\/07\/354040831_623919509483785_7918811638192229576_n-1024x771.jpg 1024w, http:\/\/www.ospstarawies.brzozow.pl\/wp-content\/uploads\/2023\/07\/354040831_623919509483785_7918811638192229576_n-768x578.jpg 768w, http:\/\/www.ospstarawies.brzozow.pl\/wp-content\/uploads\/2023\/07\/354040831_623919509483785_7918811638192229576_n-1536x1157.jpg 1536w\" sizes=\"(max-width: 424px) 100vw, 424px\" \/><\/a><\/p>\n<div class=\"x11i5rnm xat24cr x1mh8g0r x1vvkbs xdj266r x126k92a\">\n<hr \/>\n<p>Zdrowych, pogodnych \u015awi\u0105t Wielkanocnych, pe\u0142nych wiary, nadziei i mi\u0142o\u015bci. Radosnego nastroju, serdecznych spotka\u0144 w gronie rodziny i w\u015br\u00f3d przyjaci\u00f3\u0142 oraz weso\u0142ego Alleluja! <span class=\"x1xsqp64 xiy17q3 x1o6pynw x19co3pv xdj266r xcwd3tp xat24cr x39eecv x2b8uid\" data-testid=\"emoji\"><span class=\"xexx8yu xn5pp95 x18d9i69 x2fxd7x x1yqt14a x1bhl96m\">&#x1f425;<\/span><\/span> <span class=\"x1xsqp64 xiy17q3 x1o6pynw x19co3pv xdj266r xcwd3tp xat24cr x39eecv x2b8uid\" data-testid=\"emoji\"><span class=\"xexx8yu xn5pp95 x18d9i69 x2fxd7x x1yqt14a x1bhl96m\">&#x1f430;<\/span><\/span> <span class=\"x1xsqp64 xiy17q3 x1o6pynw x19co3pv xdj266r xcwd3tp xat24cr x39eecv x2b8uid\" data-testid=\"emoji\"><span class=\"xexx8yu xn5pp95 x18d9i69 x2fxd7x x1yqt14a x1bhl96m\">&#x1f423;<\/span><\/span><\/p>\n<p>\u017bycz\u0105 Druhny i Druhowie OSP Stara Wie\u015b.<\/p>\n<hr \/>\n<div dir=\"auto\">Dnia 28.01.2023 w naszej jednostce odby\u0142o si\u0119 zebranie sprawozdawcze za rok 2022. Na zebraniu podsumowali\u015bmy ubieg\u0142y rok i przedstawili\u015bmy plan dzia\u0142ania na rok bie\u017c\u0105cy.<\/div>\n<div dir=\"auto\">W zebraniu uczestniczyli zaproszeni go\u015bcie:<\/div>\n<\/div>\n<div class=\"x11i5rnm xat24cr x1mh8g0r x1vvkbs xtlvy1s x126k92a\">\n<div dir=\"auto\">Burmistrz Brzozowa Szymon Stapi\u0144ski, pose\u0142 na Sejm RP Adam \u015anie\u017cek, starosta Brzozowski Zdzis\u0142aw Szmyd, komendant PSP w Brzozowie st. bryg. Krzysztof Folta, kapelan gminny OSP o. Tomasz Nogaj SJ, proboszcz starowiejskiej parafii o. Pawe\u0142 Witon SJ, zast\u0119pca przewodnicz\u0105cego rady miejskiej w Brzozowie Bogdan Duplaga, Pani kierownik WTZ w Starej Wsi Barbara Duplaga oraz druhowie i druhny naszej jednostki.<\/div>\n<\/div>\n<div dir=\"auto\"><a href=\"http:\/\/www.ospstarawies.brzozow.pl\/index.php\/wydarzenia-2023\/327563699_749912676491224_58417552847297443_n\/#main\" rel=\"attachment wp-att-1865\"><img decoding=\"async\" loading=\"lazy\" class=\"aligncenter wp-image-1865\" src=\"http:\/\/www.ospstarawies.brzozow.pl\/wp-content\/uploads\/2023\/02\/327563699_749912676491224_58417552847297443_n.jpg\" alt=\"\" width=\"503\" height=\"377\" srcset=\"http:\/\/www.ospstarawies.brzozow.pl\/wp-content\/uploads\/2023\/02\/327563699_749912676491224_58417552847297443_n.jpg 828w, http:\/\/www.ospstarawies.brzozow.pl\/wp-content\/uploads\/2023\/02\/327563699_749912676491224_58417552847297443_n-300x225.jpg 300w, http:\/\/www.ospstarawies.brzozow.pl\/wp-content\/uploads\/2023\/02\/327563699_749912676491224_58417552847297443_n-768x576.jpg 768w\" sizes=\"(max-width: 503px) 100vw, 503px\" \/><\/a><\/div>\n","protected":false},"excerpt":{"rendered":"<p>Dnia 20.Listopada.2023r., Zosta\u0142 zamontowany defibrylator AED na Centrum pod Parnasem wej\u015bcie od Bazyliki. Sprz\u0119t monitorowany jest 24h przez kamer\u0119. Jeste\u015bmy bezpo\u015brednio informowani o ka\u017cdorazowym otwarciu kapsu\u0142y. W razie zagro\u017cenia \u017cycia (zawa\u0142 \/ zatrzymanie kr\u0105\u017cenia) KA\u017bDY jest upowa\u017cniony do u\u017cycia sprz\u0119tu ! OSP Stara Wie\u015b serdecznie dzi\u0119kuje Ojcu proboszczowi Paw\u0142owi Witonowi SJ za wsp\u00f3\u0142prac\u0119 a parafianom &#8230; <a title=\"Aktualno\u015bci 2023\" class=\"read-more\" href=\"http:\/\/www.ospstarawies.brzozow.pl\/index.php\/wydarzenia-2023\/\" aria-label=\"More on Aktualno\u015bci 2023\">Czytaj dalej<\/a><\/p>\n","protected":false},"author":1,"featured_media":0,"parent":0,"menu_order":0,"comment_status":"closed","ping_status":"closed","template":"","meta":[],"_links":{"self":[{"href":"http:\/\/www.ospstarawies.brzozow.pl\/index.php\/wp-json\/wp\/v2\/pages\/1828"}],"collection":[{"href":"http:\/\/www.ospstarawies.brzozow.pl\/index.php\/wp-json\/wp\/v2\/pages"}],"about":[{"href":"http:\/\/www.ospstarawies.brzozow.pl\/index.php\/wp-json\/wp\/v2\/types\/page"}],"author":[{"embeddable":true,"href":"http:\/\/www.ospstarawies.brzozow.pl\/index.php\/wp-json\/wp\/v2\/users\/1"}],"replies":[{"embeddable":true,"href":"http:\/\/www.ospstarawies.brzozow.pl\/index.php\/wp-json\/wp\/v2\/comments?post=1828"}],"version-history":[{"count":24,"href":"http:\/\/www.ospstarawies.brzozow.pl\/index.php\/wp-json\/wp\/v2\/pages\/1828\/revisions"}],"predecessor-version":[{"id":1973,"href":"http:\/\/www.ospstarawies.brzozow.pl\/index.php\/wp-json\/wp\/v2\/pages\/1828\/revisions\/1973"}],"wp:attachment":[{"href":"http:\/\/www.ospstarawies.brzozow.pl\/index.php\/wp-json\/wp\/v2\/media?parent=1828"}],"curies":[{"name":"wp","href":"https:\/\/api.w.org\/{rel}","templated":true}]}}