{"id":2008,"date":"2024-11-02T20:45:37","date_gmt":"2024-11-02T19:45:37","guid":{"rendered":"http:\/\/www.ospstarawies.brzozow.pl\/?page_id=2008"},"modified":"2024-11-10T14:10:51","modified_gmt":"2024-11-10T13:10:51","slug":"zawody-2024","status":"publish","type":"page","link":"http:\/\/www.ospstarawies.brzozow.pl\/index.php\/mdp\/zawody-2024\/","title":{"rendered":"Zawody 2024"},"content":{"rendered":"<p style=\"text-align: left;\"><strong><u>M\u0118SKA DRU\u017bYNA PO\u017bARNICZA\u00a0 OSP STARA WIE\u015a\u00a0 GRUPA ,,A\u201d w 2024r:<\/u><\/strong><\/p>\n<ol>\n<li style=\"text-align: left;\">Marcin <strong>Baran<\/strong><\/li>\n<li style=\"text-align: left;\">Grzegorz <strong>Gdula<\/strong><\/li>\n<li style=\"text-align: left;\">\u0141ukasz <strong>Herbut<\/strong><\/li>\n<li style=\"text-align: left;\">Piotr <strong>Maniawski<\/strong><\/li>\n<li style=\"text-align: left;\">Jakub <strong>W\u0142adyka<\/strong><\/li>\n<li style=\"text-align: left;\">Szymon <strong>Fro\u0144<\/strong><\/li>\n<li style=\"text-align: left;\">Wiktor <strong>Data<\/strong><\/li>\n<li style=\"text-align: left;\">Marcin <strong>Siwy<\/strong><\/li>\n<\/ol>\n<hr \/>\n<p><strong><u>\u017bE\u0143SKA DRU\u017bYNA PO\u017bARNICZA\u00a0 OSP STARA WIE\u015a GRUPA ,,C&#8221;\u00a0 w 2024r:<\/u><\/strong><\/p>\n<ol>\n<li>Karolina <strong>K\u0119dra<\/strong><\/li>\n<li>Gabriela<strong> Gdula<\/strong><\/li>\n<li>Martyna <strong>Szmyd<\/strong><\/li>\n<li>Julia <strong>Z\u0105bek<\/strong><\/li>\n<li>Magdalena<strong> Nogaj<\/strong><\/li>\n<li>Sabina <strong>Dydek<\/strong><\/li>\n<li>Joanna <strong>Gazda<\/strong><\/li>\n<li>And\u017celika <strong>Maniawska<\/strong><\/li>\n<li>Marcin <strong>Siwy<\/strong>(obs\u0142uga motopompy)<\/li>\n<\/ol>\n<hr \/>\n<p style=\"text-align: left;\"><strong><u>M\u0141ODZIE\u017bOWA DRU\u017bYNA PO\u017bARNICZA\u00a0 DZIEWCZ\u0104T OSP STARA WIE\u015a\u00a0\u00a0 w 2024r:<\/u><\/strong><\/p>\n<ol>\n<li>Aleksandra <strong>Kostka<\/strong><\/li>\n<li>Ma\u0142gorzata <strong>Darowska<\/strong><\/li>\n<li>Izabela<strong> Bodzioch<\/strong><\/li>\n<li>Kornelia <strong>Zarzyka<\/strong><\/li>\n<li>Maja <strong>Podulka<\/strong><\/li>\n<li>Maja <strong>Prze\u017adzik<\/strong><\/li>\n<li>Monika <strong>Dro\u017cd\u017cal<\/strong><\/li>\n<li>Nadia <strong>Kosi\u0144ska<\/strong><\/li>\n<li>Patrycja <strong>Le\u0144<\/strong><\/li>\n<li>Wiktoria <strong>Pietryka<\/strong><\/li>\n<\/ol>\n<hr \/>\n<p style=\"text-align: left;\"><strong><u> M\u0141ODZIE\u017bOWA DRU\u017bYNA PO\u017bARNICZA CH\u0141OPC\u00d3W OSP STARA WIE\u015a\u00a0\u00a0 w 2024r:<\/u><\/strong><\/p>\n<ol>\n<li>Miko\u0142aj <strong>\u017bmuda<\/strong><\/li>\n<li>Jakub <strong>\u017bmuda<\/strong><\/li>\n<li>Micha\u0142 <strong>Zaj\u0105c<\/strong><\/li>\n<li>Kacper <strong>Podulka<\/strong><\/li>\n<li>Micha\u0142 <strong>Dydek<\/strong><\/li>\n<li>Jan <strong>Pietrasz<\/strong><\/li>\n<li>Kamil <strong>Kucharski<\/strong><\/li>\n<li>Szymon <strong>Szuba<\/strong><\/li>\n<li>Antoni <strong>Data<\/strong><\/li>\n<li>Mi\u0142osz <strong>Skiba<\/strong><\/li>\n<\/ol>\n","protected":false},"excerpt":{"rendered":"<p>M\u0118SKA DRU\u017bYNA PO\u017bARNICZA\u00a0 OSP STARA WIE\u015a\u00a0 GRUPA ,,A\u201d w 2024r: Marcin Baran Grzegorz Gdula \u0141ukasz Herbut Piotr Maniawski Jakub W\u0142adyka Szymon Fro\u0144 Wiktor Data Marcin Siwy \u017bE\u0143SKA DRU\u017bYNA PO\u017bARNICZA\u00a0 OSP STARA WIE\u015a GRUPA ,,C&#8221;\u00a0 w 2024r: Karolina K\u0119dra Gabriela Gdula Martyna Szmyd Julia Z\u0105bek Magdalena Nogaj Sabina Dydek Joanna Gazda And\u017celika Maniawska Marcin Siwy(obs\u0142uga motopompy) &#8230; <a title=\"Zawody 2024\" class=\"read-more\" href=\"http:\/\/www.ospstarawies.brzozow.pl\/index.php\/mdp\/zawody-2024\/\" aria-label=\"More on Zawody 2024\">Czytaj dalej<\/a><\/p>\n","protected":false},"author":1,"featured_media":2099,"parent":29,"menu_order":0,"comment_status":"closed","ping_status":"closed","template":"","meta":[],"_links":{"self":[{"href":"http:\/\/www.ospstarawies.brzozow.pl\/index.php\/wp-json\/wp\/v2\/pages\/2008"}],"collection":[{"href":"http:\/\/www.ospstarawies.brzozow.pl\/index.php\/wp-json\/wp\/v2\/pages"}],"about":[{"href":"http:\/\/www.ospstarawies.brzozow.pl\/index.php\/wp-json\/wp\/v2\/types\/page"}],"author":[{"embeddable":true,"href":"http:\/\/www.ospstarawies.brzozow.pl\/index.php\/wp-json\/wp\/v2\/users\/1"}],"replies":[{"embeddable":true,"href":"http:\/\/www.ospstarawies.brzozow.pl\/index.php\/wp-json\/wp\/v2\/comments?post=2008"}],"version-history":[{"count":12,"href":"http:\/\/www.ospstarawies.brzozow.pl\/index.php\/wp-json\/wp\/v2\/pages\/2008\/revisions"}],"predecessor-version":[{"id":2112,"href":"http:\/\/www.ospstarawies.brzozow.pl\/index.php\/wp-json\/wp\/v2\/pages\/2008\/revisions\/2112"}],"up":[{"embeddable":true,"href":"http:\/\/www.ospstarawies.brzozow.pl\/index.php\/wp-json\/wp\/v2\/pages\/29"}],"wp:featuredmedia":[{"embeddable":true,"href":"http:\/\/www.ospstarawies.brzozow.pl\/index.php\/wp-json\/wp\/v2\/media\/2099"}],"wp:attachment":[{"href":"http:\/\/www.ospstarawies.brzozow.pl\/index.php\/wp-json\/wp\/v2\/media?parent=2008"}],"curies":[{"name":"wp","href":"https:\/\/api.w.org\/{rel}","templated":true}]}}