{"id":291,"date":"2017-01-24T14:28:13","date_gmt":"2017-01-24T13:28:13","guid":{"rendered":"http:\/\/www.ospstarawies.brzozow.pl\/?page_id=291"},"modified":"2017-01-24T17:04:43","modified_gmt":"2017-01-24T16:04:43","slug":"krsg-jot","status":"publish","type":"page","link":"http:\/\/www.ospstarawies.brzozow.pl\/index.php\/krsg-jot\/","title":{"rendered":"KSRG, JOT"},"content":{"rendered":"<p>Decyzj\u0105 Nr IX\/37\/KSRG \u00a0Komendanta G\u0142\u00f3wnego PSP, z dnia 4 wrze\u015bnia 2001 r., \u00a0jednostka OSP Stara Wie\u015b zosta\u0142a w\u0142\u0105czona do Krajowego systemu Ratowniczo-Ga\u015bniczego.<\/p>\n<p style=\"text-align: center;\">Decyzja Nr IX\/37\/KSRG\u00a0<a href=\"http:\/\/www.ospstarawies.brzozow.pl\/wp-content\/uploads\/2017\/01\/KRSG.pdf\">KRSG<\/a><\/p>\n<p>Uchwa\u0142\u0105 Zarz\u0105du OSP stara Wie\u015b jednostka zaliczona zosta\u0142a do II kategorii jednostek operacyjno-technicznych Ochotniczych Stra\u017cy Po\u017carnych. Szczeg\u00f3\u0142owe zadania, wyposa\u017cenie, stan osobowy ratownik\u00f3w, \u00a0normatywne wyposa\u017cenie okre\u015bla za\u0142\u0105cznik Nr 1 do Uchwa\u0142y Prezydium ZG OSP RP Nr 95\/18\/2004 z dnia 16.12.2004 r.<\/p>\n<p style=\"text-align: center;\">Za\u0142\u0105cznik Nr 1 do Uchwa\u0142y Prezydium &#8211;\u00a0<a href=\"http:\/\/www.ospstarawies.brzozow.pl\/wp-content\/uploads\/2017\/01\/wytycznejot4.doc\">wytycznejot(4)<\/a><\/p>\n","protected":false},"excerpt":{"rendered":"<p>Decyzj\u0105 Nr IX\/37\/KSRG \u00a0Komendanta G\u0142\u00f3wnego PSP, z dnia 4 wrze\u015bnia 2001 r., \u00a0jednostka OSP Stara Wie\u015b zosta\u0142a w\u0142\u0105czona do Krajowego systemu Ratowniczo-Ga\u015bniczego. Decyzja Nr IX\/37\/KSRG\u00a0KRSG Uchwa\u0142\u0105 Zarz\u0105du OSP stara Wie\u015b jednostka zaliczona zosta\u0142a do II kategorii jednostek operacyjno-technicznych Ochotniczych Stra\u017cy Po\u017carnych. Szczeg\u00f3\u0142owe zadania, wyposa\u017cenie, stan osobowy ratownik\u00f3w, \u00a0normatywne wyposa\u017cenie okre\u015bla za\u0142\u0105cznik Nr 1 do Uchwa\u0142y &#8230; <a title=\"KSRG, JOT\" class=\"read-more\" href=\"http:\/\/www.ospstarawies.brzozow.pl\/index.php\/krsg-jot\/\" aria-label=\"More on KSRG, JOT\">Czytaj dalej<\/a><\/p>\n","protected":false},"author":1,"featured_media":0,"parent":0,"menu_order":0,"comment_status":"closed","ping_status":"closed","template":"","meta":[],"_links":{"self":[{"href":"http:\/\/www.ospstarawies.brzozow.pl\/index.php\/wp-json\/wp\/v2\/pages\/291"}],"collection":[{"href":"http:\/\/www.ospstarawies.brzozow.pl\/index.php\/wp-json\/wp\/v2\/pages"}],"about":[{"href":"http:\/\/www.ospstarawies.brzozow.pl\/index.php\/wp-json\/wp\/v2\/types\/page"}],"author":[{"embeddable":true,"href":"http:\/\/www.ospstarawies.brzozow.pl\/index.php\/wp-json\/wp\/v2\/users\/1"}],"replies":[{"embeddable":true,"href":"http:\/\/www.ospstarawies.brzozow.pl\/index.php\/wp-json\/wp\/v2\/comments?post=291"}],"version-history":[{"count":4,"href":"http:\/\/www.ospstarawies.brzozow.pl\/index.php\/wp-json\/wp\/v2\/pages\/291\/revisions"}],"predecessor-version":[{"id":325,"href":"http:\/\/www.ospstarawies.brzozow.pl\/index.php\/wp-json\/wp\/v2\/pages\/291\/revisions\/325"}],"wp:attachment":[{"href":"http:\/\/www.ospstarawies.brzozow.pl\/index.php\/wp-json\/wp\/v2\/media?parent=291"}],"curies":[{"name":"wp","href":"https:\/\/api.w.org\/{rel}","templated":true}]}}